 3*c - 10. Suppose -28 = -t - 3*t. What is the tens digit of y(t)?
1
Suppose 1865 = 3*b - 2*i, -7*b - i = -2*b - 3091. What is the hundreds digit of b?
6
Let z(j) = -j**2 - 2*j + 8. Let l be z(-4). Suppose l = -2*x + 5*o - 1, -5*x + 7 = 2*o - 5*o. What is the units digit of x?
2
Let k = 8 - 6. Let h be 34/(-85) - (-42)/5. Suppose -4*c + 37 = -m, -k*m - 18 - h = -2*c. What is the units digit of c?
8
Let l(o) = o**2 - o - 3. Let s be l(3). Suppose -5*f + 5*y + 10 = 0, y + 9 = 5*f - 1. Suppose -p + s = f. What is the units digit of p?
1
Suppose -14*h + 9*h + 735 = 0. Suppose 0 = 2*x + 3*o - 69, -o + 2*o = 5*x - h. What is the tens digit of x?
3
Let k(w) = 421*w**2 - w + 9. What is the thousands digit of k(3)?
3
What is the hundreds digit of (-56824)/(-88) - 3/(-11)?
6
Let b(x) = 2*x**3 + 8*x**2 - 97*x - 11. What is the tens digit of b(6)?
2
What is the tens digit of 271576/48 - 15/18?
5
Let w be (26 - 24)*(1 + (-26)/4). Let q(t) = 2*t**3 + 21*t**2 - 14*t + 6. What is the tens digit of q(w)?
3
Let c = -1286 - -2895. What is the units digit of c?
9
Let k(w) = w**3 + 6*w**2 - w - 4. Let d be k(-6). Suppose -d*q + 235 = j, 2*q - j = j + 250. What is the hundreds digit of q?
1
Let f = -41 - -44. Suppose -3*q - 426 = -3*l, -l + 2*q = f*l - 558. What is the tens digit of l?
3
Let q(f) = -510*f + 329. What is the thousands digit of q(-7)?
3
Let n(r) = -r**3 + 7*r**2 - r + 5. Let k(y) = 3*y + 5. Let f be k(-9). Let w = -16 - f. What is the tens digit of n(w)?
3
Let a(w) = w**3 + 13*w**2 - 3*w - 1. Let z(g) = -g**2 + g + 1. Let n(h) = a(h) + 3*z(h). What is the units digit of n(-10)?
2
Let c(l) = -l**2 + 12*l + 4. Let p be c(12). Suppose -p*k - 5*v + 218 = 0, -4*v + 1 = -7. What is the units digit of k?
2
Suppose y = -4*s + 13481, -2299 = -2*s + 2*y + 4439. What is the hundreds digit of s?
3
Suppose 0 = -13*m - 2277 + 10298. What is the hundreds digit of m?
6
Let y be 4 + -4 + -1 + 2. Let b = 3 - y. Suppose 5*h + b*h = 238. What is the units digit of h?
4
Suppose 453*j - 456*j = -4374. What is the thousands digit of j?
1
Let i(t) = 4*t**3 + 13*t**2 + 7*t + 17. Let f(p) = 3*p**3 + 12*p**2 + 8*p + 16. Let s(m) = -5*f(m) + 4*i(m). What is the units digit of s(10)?
8
Suppose 6*n + 0 = 18. Suppose p = n*l + 67 - 390, -4*p = 4*l - 404. What is the hundreds digit of l?
1
Let f(y) = -y**2 - 113*y + 42. What is the tens digit of f(-62)?
0
Let k = -23 - -445. Let p = k - 240. What is the tens digit of p?
8
Let u(d) = d**2 + 2*d + 3. Let s be u(0). Suppose s = n + 1. Suppose x = -2*g + 22, -33 = -3*g + n*x + x. What is the tens digit of g?
1
Suppose -2*p = 5*c - 53 + 12, -3*c + 24 = p. Suppose -4*b = -c*b. What is the tens digit of b + 2 - (2 + -36)?
3
Let t be (2 + 56/4)/1. Let g be 3/(12/t)*2. Suppose -4*q + 113 = -k, 3*k - 79 = -2*q + g*k. What is the units digit of q?
7
What is the units digit of 475745/261 + (21/(-27) - -1)?
3
Let g(y) = y**3 + 3*y**2 + 5. Let b be g(-3). Suppose 3*l - 28 = b*l. Let c = l + 46. What is the units digit of c?
2
Suppose 0 = -5*p + 1 + 149. What is the tens digit of 16/((p/33)/5)?
8
Let y = 2422 + -1110. What is the units digit of y?
2
Suppose 0 = 2*p - 6*p - w + 23, -4*w - 8 = -4*p. Suppose k = 3*h + 45, 0 = -p*k - h - h + 174. What is the tens digit of k?
3
Suppose -6*r - 2*r = -3408. What is the hundreds digit of r?
4
Let b = 236 + -136. What is the tens digit of b?
0
Let o(y) = y**3 - y**2 - 4*y + 4. Let k be o(2). Suppose k = -28*f + 26*f + 390. What is the units digit of f?
5
Let f be 8240/24 - (-2)/3. Let v = f + -245. Let m = v - 69. What is the tens digit of m?
3
Let d = -2243 + 3296. What is the tens digit of d?
5
Let n(j) = -2*j**2 + 54*j + 191. What is the units digit of n(29)?
5
Let v(h) be the first derivative of h**3/3 - 5*h**2/2 - 8*h - 9. What is the units digit of v(9)?
8
Suppose -103*z + 438 = -100*z. What is the hundreds digit of z?
1
Let a(p) = 8*p**2 + 106. What is the tens digit of a(-17)?
1
Suppose -2*d + 1099 = 5*d. What is the tens digit of -2*3/6*3 + d?
5
Suppose 4*a = 4*l - 0*a + 64, -4*l - a - 64 = 0. Let b be (0 - l)/(1/8). What is the units digit of b/13 - 12/(-78)?
0
Let y(d) = 5*d**2 + 4*d**2 - 4*d**2 + 13*d - d**2 + 9. Let h(k) = -3*k**2 - 12*k - 8. Let v(i) = 7*h(i) + 6*y(i). What is the units digit of v(5)?
3
Suppose 52 + 118 = 10*j. Let v(m) = m**2 - 8*m - 23. What is the tens digit of v(j)?
3
Let u = -200 - -1068. What is the tens digit of u?
6
Let n(t) = -t**3 + 7*t - 1. Let v be n(-3). Suppose v*l = 3*s - 85, 6*s + l = 2*s + 121. What is the tens digit of s?
3
Let k(z) = -z**2 + z - 1. Suppose 4*s - 6 = -2. Let m be k(s). Let f = 6 + m. What is the units digit of f?
5
Let q(y) = -9*y - 50. Let b be q(-8). Let c(h) = -2*h**2 - 9*h. Let d be c(-6). Let a = b - d. What is the units digit of a?
0
Let h(q) = 5*q - 6. Let d be h(-3). Let f = d + 26. What is the units digit of (-2)/(-2)*185/f?
7
Suppose 3*h - h + x - 6 = 0, -2*h + 30 = -5*x. Let p(c) = 2*c**3 - 6*c**2 - 2*c - 15. What is the units digit of p(h)?
5
Let b(n) = 8*n**2 - 11*n + 3. Let c be b(-11). Suppose 12*y - c = 5*y. What is the hundreds digit of y?
1
Let j(i) = -238*i - 1. What is the units digit of j(-2)?
5
Let k(y) = 11*y - 167. What is the tens digit of k(18)?
3
Suppose 7 = -z - 6. Let m = z + 47. What is the units digit of 3/(2 + m/(-20))?
0
Let q = -34 + 39. Let r(x) = x**2 - 7*x + 12. What is the units digit of r(q)?
2
Let f = -45 - -23. Let n = 13 + f. Let m(q) = q**3 + 9*q**2 + 12. What is the units digit of m(n)?
2
Suppose 0 - 3 = -3*c. Let a be -11 + c*(4 + -2). Let r = -3 - a. What is the units digit of r?
6
Let a be 575/(-92) - (-5)/4. Let t(n) = n**2 - n + 3. What is the units digit of t(a)?
3
Let f = 4044 - -2413. What is the thousands digit of f?
6
Let a be (-13)/39*2*(-3)/2. What is the units digit of 1 + 1 + -2 + 3*a?
3
Let q(z) be the second derivative of -z**3/3 + 5*z**2/2 - 2*z. Suppose -2*a = 44 - 26. What is the units digit of q(a)?
3
Suppose -4*u = -3*v - 121, -4*u - 4*v + 125 = -3*v. Suppose 5*l = -3*c - 59, 2*l - u = 3*c - 0*c. Let f = c + 55. What is the tens digit of f?
4
Suppose 3*f + 12 = 7*f. What is the units digit of f + (-2)/((-6)/21)?
0
Let x = 29 + -27. Let a = 117 - x. What is the hundreds digit of a?
1
Suppose 3 - 5 = -2*n. Let p(u) = -7*u + n - u - 2 - 13*u. What is the tens digit of p(-1)?
2
Suppose 6*m - 9 - 3 = 0. Suppose 17 + 9 = m*c. What is the tens digit of c?
1
Let b(o) = 70*o - 361. What is the hundreds digit of b(49)?
0
Let o(g) = -g - 2 + 1 - g - 2. Let l be o(-3). Suppose -l*v + 14 = -19. What is the units digit of v?
1
Let l(x) be the first derivative of -x**4/4 - 2*x**3/3 - 13*x**2/2 - 19*x - 4. What is the units digit of l(-6)?
3
Let n = 57 - -146. What is the hundreds digit of (n - 0/1) + 30/15?
2
Suppose 1 = -4*o + 13. Let q(r) = 2 + 4*r**2 + 1 - 2*r - 2 + 3*r + r**o. What is the units digit of q(-3)?
7
Suppose 41 = b + 38. What is the units digit of b + ((-377)/(-5) - (-2)/(-5))?
8
Let j(m) = -m**2 - 88*m - 214. What is the units digit of j(-30)?
6
Suppose -141*p = -128*p - 54925. What is the hundreds digit of p?
2
Suppose -5*s = -s. Let y(i) = -7*i - i**3 - 9*i**2 + 14*i + 7 + s*i**2. What is the units digit of y(-10)?
7
Suppose 3*v + 5*s = 458, -s + 756 = 5*v - 0*s. Let l = 241 - v. What is the units digit of l?
0
Suppose -4*t - 3*h = -1828, -t - 4*h = -0*t - 470. What is the units digit of t?
4
Let z(j) = 11*j**2 + 2*j - 1. Let c be z(-6). Suppose -4*x = -4*v - c + 47, -4*x + 330 = -2*v. Let l = 113 - x. What is the tens digit of l?
3
Let p = -10 + 12. Let f(k) be the first derivative of 8*k**3/3 + 3*k**2/2 - 5*k - 1. What is the units digit of f(p)?
3
Let b be 621/(-63) + 2/(-14). Let r be 18/45 + (-576)/b. Suppose -3*s + 7*l = 3*l - r, 5*s - 114 = -2*l. What is the tens digit of s?
2
Suppose 0 = 5*z + 6 - 16. Suppose -25 = 3*a + z*a, -5*r + 3*a + 65 = 0. Let v(q) = q. What is the units digit of v(r)?
0
Let d(q) = q**2 - 2*q + 3. Let u be d(0). Let x = 2 + 0. Suppose o + 4 = 4*g, u*g - 18 = -5*o + x*o. What is the units digit of o?
4
Let l be 2/5*(-12 - -62). Suppose 8*r + l = 3*r. What is the units digit of 94/10 - r/(-10)?
9
Let h(g) = 42*g**3 - 2*g**2 + 1. Suppose 0 = -z - b + 5 - 3, 2*b = -z + 3. What is the units digit of h(z)?
1
Suppose 3*y - 5*y + 368 = 0. Suppo